{"id":2618,"date":"2022-01-11T18:26:59","date_gmt":"2022-01-11T17:26:59","guid":{"rendered":"http:\/\/peba.centre-kalachakra.com\/?page_id=2618"},"modified":"2026-02-05T12:02:24","modified_gmt":"2026-02-05T11:02:24","slug":"divers","status":"publish","type":"page","link":"https:\/\/peba.centre-kalachakra.com\/?page_id=2618","title":{"rendered":"Divers"},"content":{"rendered":"<p>* Programme pr\u00e9visionnel d&rsquo;enseignement et de retraites \/<strong><span style=\"color: #800000;\"> mise \u00e0 jour de novembre 2022<\/span><\/strong><\/p>\n<ul>\n<li><a href=\"https:\/\/www.dropbox.com\/s\/fdm660j91wlyjvl\/Planning%20pr%C3%A9visionnel%20PEBA%202022%202027-v4.pdf?dl=0\">planning 2022-2027<\/a><\/li>\n<\/ul>\n<p>* Statut \u00e9tudiant \/ auditeur<\/p>\n<ul>\n<li><a href=\"https:\/\/www.dropbox.com\/s\/u6oqbi22s95ejka\/Options-pour-le-PEBA-de-la-FPMT_INFOSpourETUDIANTS.pdf?dl=0\">page d&rsquo;information \u00e0 propos des statuts \u00e9tudiant\/auditeur<\/a><\/li>\n<li><a href=\"https:\/\/www.dropbox.com\/s\/kv3u160b4t47clj\/PEBA_Conduite_et_Pratique_2019.pdf?dl=0\">page d&rsquo;information concernant le code de conduite et de pratique du PEBA<\/a><\/li>\n<li><em><span style=\"color: #ff0000;\">module 8 : inscription au statut d&rsquo;\u00e9tudiant traditionnel (avec engagement de pr\u00e9sence sur place ou en ligne) : <a href=\"https:\/\/www.dropbox.com\/scl\/fi\/k4sg6r2ebilkzcajnrvbe\/Engagement-avec-presence.pdf?rlkey=ssehpggiue19gwkn7jb5vwlug&amp;st=zq1iojs4&amp;dl=0\">formulaire<\/a>.<\/span><\/em><\/li>\n<li><em><span style=\"color: #ff0000;\">module 8 : statut \u00e9tudiant alternatif\u00a0 (sans engagement de pr\u00e9sence). Attention, la validation du module sous ce statut sera not\u00e9e d&rsquo;une mention \u00ab\u00a0en ligne\u00a0\u00bb : <a href=\"https:\/\/www.dropbox.com\/scl\/fi\/tx3o0q1qc36l8opxek5nn\/Engagement-alternatif-sans-presence.pdf?rlkey=u38aszrb9catd00mwd5v3gt1z&amp;st=a5yl4qw5&amp;dl=0\">formulaire<\/a>.<\/span><br \/>\n<\/em><\/li>\n<\/ul>\n<p>* Livret de l&rsquo;\u00e9tudiant<\/p>\n<ul>\n<li><a href=\"https:\/\/www.dropbox.com\/s\/n3ydg90ibt18jyh\/Livret%20de%20l%27%C3%A9tudiant%20peba%202022%202027.pdf?dl=0\">livret de l&rsquo;\u00e9tudiant PEBA 2022\/2027<\/a><\/li>\n<\/ul>\n<p>* Karma yoga<\/p>\n<ul>\n<li><a href=\"https:\/\/www.dropbox.com\/s\/96e0rwpxy22hix8\/AUTEL-PREPARATION-AUTEL-ET-OFFRANDES-DES-BOLS-D-EAU.pdf?dl=0\" target=\"_blank\" rel=\"noopener\">Pr\u00e9paration de l&rsquo;autel<\/a><\/li>\n<li><a href=\"https:\/\/www.dropbox.com\/s\/zer22ao55mzq6vb\/PEBA%20TUTORIEL%20ZOOM.pdf?dl=0\">manuel d&rsquo;installation de l&rsquo;ordinateur, du micro, de la webcam et de la session zoom<br \/>\n<\/a><\/li>\n<\/ul>\n<p><strong><span style=\"color: #800000;\">* Pri\u00e8re \u00e9crite par Sa Saintet\u00e9 pour le prompt retour de Lama Zopa Rinpoch\u00e9<\/span><\/strong><\/p>\n<ul>\n<li><a href=\"https:\/\/www.dropbox.com\/s\/6smgm1l6zncy8e2\/Priere-pour-le-prompt-retour-de-Rinpoche-SSDL-1.pdf?dl=0\">Texte de la pratique<\/a><\/li>\n<li><a href=\"https:\/\/www.dropbox.com\/s\/uqyuax7b0b0xfkp\/LZR%20pri%C3%A8re%20retour.m4a?dl=0\">Audio de la pratique<\/a><\/li>\n<\/ul>\n<p>* <a href=\"https:\/\/www.dropbox.com\/scl\/fi\/2qbu84mlsp2lj8ign8efl\/manjusri-namasangiti.pdf?rlkey=v8nh06lch0sishpaknd5ms83b&amp;dl=0\">Le choral des noms de Manjoushri<\/a><\/p>\n","protected":false},"excerpt":{"rendered":"<p>* Programme pr\u00e9visionnel d&rsquo;enseignement et de retraites \/ mise \u00e0 jour de novembre 2022 planning 2022-2027 * Statut \u00e9tudiant \/ auditeur page d&rsquo;information \u00e0 propos des statuts \u00e9tudiant\/auditeur page d&rsquo;information concernant le code de conduite et de pratique du PEBA module 8 : inscription au statut d&rsquo;\u00e9tudiant traditionnel (avec engagement de pr\u00e9sence sur place ou [&hellip;]<\/p>\n","protected":false},"author":5,"featured_media":0,"parent":0,"menu_order":5,"comment_status":"closed","ping_status":"closed","template":"","meta":{"footnotes":""},"_links":{"self":[{"href":"https:\/\/peba.centre-kalachakra.com\/index.php?rest_route=\/wp\/v2\/pages\/2618"}],"collection":[{"href":"https:\/\/peba.centre-kalachakra.com\/index.php?rest_route=\/wp\/v2\/pages"}],"about":[{"href":"https:\/\/peba.centre-kalachakra.com\/index.php?rest_route=\/wp\/v2\/types\/page"}],"author":[{"embeddable":true,"href":"https:\/\/peba.centre-kalachakra.com\/index.php?rest_route=\/wp\/v2\/users\/5"}],"replies":[{"embeddable":true,"href":"https:\/\/peba.centre-kalachakra.com\/index.php?rest_route=%2Fwp%2Fv2%2Fcomments&post=2618"}],"version-history":[{"count":36,"href":"https:\/\/peba.centre-kalachakra.com\/index.php?rest_route=\/wp\/v2\/pages\/2618\/revisions"}],"predecessor-version":[{"id":3296,"href":"https:\/\/peba.centre-kalachakra.com\/index.php?rest_route=\/wp\/v2\/pages\/2618\/revisions\/3296"}],"wp:attachment":[{"href":"https:\/\/peba.centre-kalachakra.com\/index.php?rest_route=%2Fwp%2Fv2%2Fmedia&parent=2618"}],"curies":[{"name":"wp","href":"https:\/\/api.w.org\/{rel}","templated":true}]}}